{"id":41,"date":"2023-12-13T19:00:30","date_gmt":"2023-12-13T18:00:30","guid":{"rendered":"https:\/\/forbach-agglomeration-natation.fr\/?page_id=41"},"modified":"2024-02-08T17:34:31","modified_gmt":"2024-02-08T16:34:31","slug":"partenaires","status":"publish","type":"page","link":"https:\/\/forbach-agglomeration-natation.fr\/index.php\/partenaires\/","title":{"rendered":"Partenaires"},"content":{"rendered":"<p><strong>Nos partenaires institutionnels et sportifs:<\/strong><\/p>\n<p><img loading=\"lazy\" decoding=\"async\" class=\" wp-image-164 alignleft\" src=\"http:\/\/forbach-agglomeration-natation.fr\/wp-content\/uploads\/2024\/01\/Capture-decran-2024-01-19-093040-300x149.jpg\" alt=\"\" width=\"276\" height=\"137\" srcset=\"https:\/\/forbach-agglomeration-natation.fr\/wp-content\/uploads\/2024\/01\/Capture-decran-2024-01-19-093040-300x149.jpg 300w, https:\/\/forbach-agglomeration-natation.fr\/wp-content\/uploads\/2024\/01\/Capture-decran-2024-01-19-093040.jpg 434w\" sizes=\"auto, (max-width: 276px) 100vw, 276px\" \/><\/p>\n<p>La Communaut\u00e9 d&rsquo;Agglom\u00e9ration de Forbach Porte de France avec la piscine Olympique Jean-Eric Bousch<br \/>\n<a href=\"https:\/\/www.agglo-forbach.fr\/fr\/accueil.html\" target=\"_blank\" rel=\"noopener\">Visiter le site internet institutionnels de la Communaut\u00e9 d&rsquo;Agglo<\/a><br \/>\n<a href=\"https:\/\/fr-fr.facebook.com\/PiscinedeForbach\/\" target=\"_blank\" rel=\"noopener\">Acc\u00e8s \u00e0 la page Facebook de la Piscine Olympique<\/a><\/p>\n<p>&nbsp;<\/p>\n<p>&nbsp;<\/p>\n<p><img loading=\"lazy\" decoding=\"async\" class=\"wp-image-165 alignleft\" src=\"http:\/\/forbach-agglomeration-natation.fr\/wp-content\/uploads\/2024\/01\/ffn-logo-FFN-300x198.jpg\" alt=\"\" width=\"277\" height=\"183\" srcset=\"https:\/\/forbach-agglomeration-natation.fr\/wp-content\/uploads\/2024\/01\/ffn-logo-FFN-300x198.jpg 300w, https:\/\/forbach-agglomeration-natation.fr\/wp-content\/uploads\/2024\/01\/ffn-logo-FFN-410x270.jpg 410w, https:\/\/forbach-agglomeration-natation.fr\/wp-content\/uploads\/2024\/01\/ffn-logo-FFN.jpg 480w\" sizes=\"auto, (max-width: 277px) 100vw, 277px\" \/><\/p>\n<p>&nbsp;<\/p>\n<p>La F\u00e9d\u00e9ration Fran\u00e7aise de Natation: FFN<br \/>\n<a href=\"https:\/\/www.ffnatation.fr\/\" target=\"_blank\" rel=\"noopener\">Visiter le site internet de la F\u00e9d\u00e9<\/a><\/p>\n<p>&nbsp;<\/p>\n<p>&nbsp;<\/p>\n<p>&nbsp;<\/p>\n<p><img loading=\"lazy\" decoding=\"async\" class=\"wp-image-184 alignleft\" src=\"http:\/\/forbach-agglomeration-natation.fr\/wp-content\/uploads\/2024\/02\/LGEN-300x300.png\" alt=\"\" width=\"153\" height=\"153\" srcset=\"https:\/\/forbach-agglomeration-natation.fr\/wp-content\/uploads\/2024\/02\/LGEN-300x300.png 300w, https:\/\/forbach-agglomeration-natation.fr\/wp-content\/uploads\/2024\/02\/LGEN-150x150.png 150w, https:\/\/forbach-agglomeration-natation.fr\/wp-content\/uploads\/2024\/02\/LGEN-270x270.png 270w, https:\/\/forbach-agglomeration-natation.fr\/wp-content\/uploads\/2024\/02\/LGEN.png 344w\" sizes=\"auto, (max-width: 153px) 100vw, 153px\" \/>La ligue Grand-Est de natation<\/p>\n<p><a href=\"https:\/\/lge-natation.fr\" target=\"_blank\" rel=\"noopener\">Visiter le site de la ligue Grand-Est de natation<\/a><\/p>\n","protected":false},"excerpt":{"rendered":"<p>Nos partenaires institutionnels et sportifs: La Communaut\u00e9 d&rsquo;Agglom\u00e9ration de Forbach Porte de France avec la piscine Olympique Jean-Eric Bousch Visiter le site internet institutionnels de la Communaut\u00e9 d&rsquo;Agglo Acc\u00e8s \u00e0 la page Facebook de la Piscine Olympique &nbsp; &nbsp; &nbsp; La F\u00e9d\u00e9ration Fran\u00e7aise de Natation: FFN Visiter le site internet de la F\u00e9d\u00e9 &nbsp; &nbsp; &nbsp; La ligue Grand-Est de natation Visiter le site de la ligue Grand-Est de natation<\/p>\n","protected":false},"author":1,"featured_media":0,"parent":0,"menu_order":0,"comment_status":"closed","ping_status":"closed","template":"","meta":{"ngg_post_thumbnail":0,"footnotes":""},"class_list":["post-41","page","type-page","status-publish","hentry"],"_links":{"self":[{"href":"https:\/\/forbach-agglomeration-natation.fr\/index.php\/wp-json\/wp\/v2\/pages\/41","targetHints":{"allow":["GET"]}}],"collection":[{"href":"https:\/\/forbach-agglomeration-natation.fr\/index.php\/wp-json\/wp\/v2\/pages"}],"about":[{"href":"https:\/\/forbach-agglomeration-natation.fr\/index.php\/wp-json\/wp\/v2\/types\/page"}],"author":[{"embeddable":true,"href":"https:\/\/forbach-agglomeration-natation.fr\/index.php\/wp-json\/wp\/v2\/users\/1"}],"replies":[{"embeddable":true,"href":"https:\/\/forbach-agglomeration-natation.fr\/index.php\/wp-json\/wp\/v2\/comments?post=41"}],"version-history":[{"count":6,"href":"https:\/\/forbach-agglomeration-natation.fr\/index.php\/wp-json\/wp\/v2\/pages\/41\/revisions"}],"predecessor-version":[{"id":163,"href":"https:\/\/forbach-agglomeration-natation.fr\/index.php\/wp-json\/wp\/v2\/pages\/41\/revisions\/163"}],"wp:attachment":[{"href":"https:\/\/forbach-agglomeration-natation.fr\/index.php\/wp-json\/wp\/v2\/media?parent=41"}],"curies":[{"name":"wp","href":"https:\/\/api.w.org\/{rel}","templated":true}]}}

<p><strong>Nos partenaires institutionnels et sportifs:</strong></p>
<p><img loading="lazy" decoding="async" class=" wp-image-164 alignleft" src="http://forbach-agglomeration-natation.fr/wp-content/uploads/2024/01/Capture-decran-2024-01-19-093040-300x149.jpg" alt="" width="276" height="137" srcset="https://forbach-agglomeration-natation.fr/wp-content/uploads/2024/01/Capture-decran-2024-01-19-093040-300x149.jpg 300w, https://forbach-agglomeration-natation.fr/wp-content/uploads/2024/01/Capture-decran-2024-01-19-093040.jpg 434w" sizes="auto, (max-width: 276px) 100vw, 276px" /></p>
<p>La Communauté d&rsquo;Agglomération de Forbach Porte de France avec la piscine Olympique Jean-Eric Bousch<br />
<a href="https://www.agglo-forbach.fr/fr/accueil.html" target="_blank" rel="noopener">Visiter le site internet institutionnels de la Communauté d&rsquo;Agglo</a><br />
<a href="https://fr-fr.facebook.com/PiscinedeForbach/" target="_blank" rel="noopener">Accès à la page Facebook de la Piscine Olympique</a></p>
<p>&nbsp;</p>
<p>&nbsp;</p>
<p><img loading="lazy" decoding="async" class="wp-image-165 alignleft" src="http://forbach-agglomeration-natation.fr/wp-content/uploads/2024/01/ffn-logo-FFN-300x198.jpg" alt="" width="277" height="183" srcset="https://forbach-agglomeration-natation.fr/wp-content/uploads/2024/01/ffn-logo-FFN-300x198.jpg 300w, https://forbach-agglomeration-natation.fr/wp-content/uploads/2024/01/ffn-logo-FFN-410x270.jpg 410w, https://forbach-agglomeration-natation.fr/wp-content/uploads/2024/01/ffn-logo-FFN.jpg 480w" sizes="auto, (max-width: 277px) 100vw, 277px" /></p>
<p>&nbsp;</p>
<p>La Fédération Française de Natation: FFN<br />
<a href="https://www.ffnatation.fr/" target="_blank" rel="noopener">Visiter le site internet de la Fédé</a></p>
<p>&nbsp;</p>
<p>&nbsp;</p>
<p>&nbsp;</p>
<p><img loading="lazy" decoding="async" class="wp-image-184 alignleft" src="http://forbach-agglomeration-natation.fr/wp-content/uploads/2024/02/LGEN-300x300.png" alt="" width="153" height="153" srcset="https://forbach-agglomeration-natation.fr/wp-content/uploads/2024/02/LGEN-300x300.png 300w, https://forbach-agglomeration-natation.fr/wp-content/uploads/2024/02/LGEN-150x150.png 150w, https://forbach-agglomeration-natation.fr/wp-content/uploads/2024/02/LGEN-270x270.png 270w, https://forbach-agglomeration-natation.fr/wp-content/uploads/2024/02/LGEN.png 344w" sizes="auto, (max-width: 153px) 100vw, 153px" />La ligue Grand-Est de natation</p>
<p><a href="https://lge-natation.fr" target="_blank" rel="noopener">Visiter le site de la ligue Grand-Est de natation</a></p>

<p>Nos partenaires institutionnels et sportifs: La Communauté d&rsquo;Agglomération de Forbach Porte de France avec la piscine Olympique Jean-Eric Bousch Visiter le site internet institutionnels de la Communauté d&rsquo;Agglo Accès à la page Facebook de la Piscine Olympique &nbsp; &nbsp; &nbsp; La Fédération Française de Natation: FFN Visiter le site internet de la Fédé &nbsp; &nbsp; &nbsp; La ligue Grand-Est de natation Visiter le site de la ligue Grand-Est de natation</p>
