{"id":65,"date":"2023-12-13T19:20:15","date_gmt":"2023-12-13T18:20:15","guid":{"rendered":"https:\/\/forbach-agglomeration-natation.fr\/?page_id=65"},"modified":"2023-12-13T23:14:14","modified_gmt":"2023-12-13T22:14:14","slug":"le-comite","status":"publish","type":"page","link":"https:\/\/forbach-agglomeration-natation.fr\/index.php\/le-club\/le-comite\/","title":{"rendered":"Le comit\u00e9"},"content":{"rendered":"<p><strong>Les membres du comit\u00e9 du FAN: Forbach Agglom\u00e9ration Natation<\/strong><\/p>\n<p>Pr\u00e9sident:<br \/>\nJean-Marc HOULLE<\/p>\n<p>Secr\u00e9taire:<br \/>\nFrancesca HOULLE<\/p>\n<p>Tr\u00e9sorier:<br \/>\nRocco SACCUCCI<\/p>\n<p>Ascesseurs:<br \/>\nAudrey HOMMEL<br \/>\nSarah OSMANI<br \/>\nAngie TASSONE<br \/>\nManon HOULLE<br \/>\nMadison HOULLE<br \/>\nG\u00e9rard EGLIN<\/p>\n","protected":false},"excerpt":{"rendered":"<p>Les membres du comit\u00e9 du FAN: Forbach Agglom\u00e9ration Natation Pr\u00e9sident: Jean-Marc HOULLE Secr\u00e9taire: Francesca HOULLE Tr\u00e9sorier: Rocco SACCUCCI Ascesseurs: Audrey HOMMEL Sarah OSMANI Angie TASSONE Manon HOULLE Madison HOULLE G\u00e9rard EGLIN<\/p>\n","protected":false},"author":1,"featured_media":0,"parent":32,"menu_order":1,"comment_status":"closed","ping_status":"closed","template":"","meta":{"ngg_post_thumbnail":0,"footnotes":""},"class_list":["post-65","page","type-page","status-publish","hentry"],"_links":{"self":[{"href":"https:\/\/forbach-agglomeration-natation.fr\/index.php\/wp-json\/wp\/v2\/pages\/65","targetHints":{"allow":["GET"]}}],"collection":[{"href":"https:\/\/forbach-agglomeration-natation.fr\/index.php\/wp-json\/wp\/v2\/pages"}],"about":[{"href":"https:\/\/forbach-agglomeration-natation.fr\/index.php\/wp-json\/wp\/v2\/types\/page"}],"author":[{"embeddable":true,"href":"https:\/\/forbach-agglomeration-natation.fr\/index.php\/wp-json\/wp\/v2\/users\/1"}],"replies":[{"embeddable":true,"href":"https:\/\/forbach-agglomeration-natation.fr\/index.php\/wp-json\/wp\/v2\/comments?post=65"}],"version-history":[{"count":3,"href":"https:\/\/forbach-agglomeration-natation.fr\/index.php\/wp-json\/wp\/v2\/pages\/65\/revisions"}],"predecessor-version":[{"id":88,"href":"https:\/\/forbach-agglomeration-natation.fr\/index.php\/wp-json\/wp\/v2\/pages\/65\/revisions\/88"}],"up":[{"embeddable":true,"href":"https:\/\/forbach-agglomeration-natation.fr\/index.php\/wp-json\/wp\/v2\/pages\/32"}],"wp:attachment":[{"href":"https:\/\/forbach-agglomeration-natation.fr\/index.php\/wp-json\/wp\/v2\/media?parent=65"}],"curies":[{"name":"wp","href":"https:\/\/api.w.org\/{rel}","templated":true}]}}

Le comité

<p><strong>Les membres du comité du FAN: Forbach Agglomération Natation</strong></p>
<p>Président:<br />
Jean-Marc HOULLE</p>
<p>Secrétaire:<br />
Francesca HOULLE</p>
<p>Trésorier:<br />
Rocco SACCUCCI</p>
<p>Ascesseurs:<br />
Audrey HOMMEL<br />
Sarah OSMANI<br />
Angie TASSONE<br />
Manon HOULLE<br />
Madison HOULLE<br />
Gérard EGLIN</p>

<p>Les membres du comité du FAN: Forbach Agglomération Natation Président: Jean-Marc HOULLE Secrétaire: Francesca HOULLE Trésorier: Rocco SACCUCCI Ascesseurs: Audrey HOMMEL Sarah OSMANI Angie TASSONE Manon HOULLE Madison HOULLE Gérard EGLIN</p>
